 highest common factor of 24 and k?
8
Let l(a) = -a**2 + 5*a - 4. Let w be l(3). Let q(u) = 6*u - 3. Let i be q(w). What is the highest common divisor of i and 18?
9
Suppose -2*s + 45 = -7*o + 4*o, -4*s + 5*o + 85 = 0. Calculate the greatest common factor of s and 165.
15
Suppose -4*z + 21 = 5. What is the greatest common divisor of 6 and z?
2
Let f = -11 - -16. Suppose -f*g = -0*a - 5*a + 105, -5*g = -2*a + 57. What is the greatest common factor of 16 and a?
16
Let q(b) = 3*b + 1. Let x be (-4)/(5/((-5)/2)). Let p be q(x). Suppose 4*y = p*y - 360. What is the greatest common divisor of 15 and y?
15
Let x(d) be the second derivative of -d**3/6 - d**2 + 3*d. Let v be x(-7). Calculate the greatest common divisor of 5 and v.
5
Suppose 5*w - 2 = -r, r - w - w - 16 = 0. What is the highest common divisor of r and 24?
12
Suppose -7*v = -2*v - 75. Calculate the highest common divisor of v and 60.
15
Suppose 4*i - 6 = 2. Let f be ((-2)/(-3))/(3/36). What is the highest common factor of i and f?
2
Suppose 4*n + 8 = 4*z, 2*n - 2*z = -n - 2. Suppose -12 = -3*r + 2*i - 0*i, -n*r + 2*i + 8 = 0. Calculate the greatest common factor of r and 10.
2
Suppose -5*g + 4*g = -7. Suppose g*l - 191 = 313. Calculate the greatest common factor of 9 and l.
9
Suppose -5*y + 0*y = 4*v - 41, 4*v + 9 = 5*y. Calculate the greatest common factor of v and 1.
1
Let h be (-2)/(-4) - (-207)/6. Let y = -24 + h. What is the highest common factor of 33 and y?
11
Let m(s) = s**2 - 2*s + 102. Let k be m(0). What is the highest common factor of 17 and k?
17
Suppose 3*y + 0*y = -27. Let m = y + 29. Suppose -2*j = 2 - 12. Calculate the greatest common factor of m and j.
5
Let a = 5 - 2. Suppose n + 2 = 35. What is the highest common factor of n and a?
3
Let v = 187 + -268. Let o = -29 - v. What is the highest common factor of o and 13?
13
Let t = -5 + 13. Let n be (-212)/(-16) - 2/t. Let h = 29 - n. What is the highest common factor of h and 4?
4
Let w = -4 - 0. Let m be w/5*(-110)/4. Let j(h) = -h**2 - 2*h + 2. Let y be j(0). What is the greatest common divisor of y and m?
2
Let b be (-1)/(3 - (-28)/(-8)). Let v(w) = w**2 + 3*w - 2. Let f be v(b). Calculate the greatest common factor of f and 72.
8
Let d(v) = -v**3 + 2*v**2 - 2*v. Let f be d(3). Let x be (-3)/f + 148/10. Let z be 9/(0 + (-2)/(-30)). What is the highest common divisor of z and x?
15
Let l = -1 - -15. Let h(g) = g**2 - 3*g - 5. Let r be h(5). Suppose -r*u = -0*u - 105. Calculate the highest common divisor of l and u.
7
Let a(x) = 7*x - 13. Let o be a(4). Calculate the highest common divisor of o and 3.
3
Let z = -81 + 113. Let a be (-2)/(-4)*(0 + 128). What is the greatest common factor of a and z?
32
Let s = 160 - 124. Calculate the greatest common divisor of 96 and s.
12
Suppose -5*m + 4*m = 0. Suppose m*n + 15 = 3*n. Calculate the highest common factor of n and 5.
5
Let d be (3 + -5)/((-2)/28). Calculate the highest common divisor of d and 7.
7
Suppose -5*l + 383 = 4*u - 2*u, -158 = -2*l + 4*u. Let o be -1 + (-1)/(4/(-32)). Calculate the greatest common divisor of o and l.
7
Let y(u) = -u**2 - 6*u - 1. Let p be y(-5). Suppose 3*k + 12 = p*f - f, 0 = 2*k + 4*f - 10. Let h = k - -31. What is the greatest common divisor of 45 and h?
15
Let p(k) = 8*k + 40. Let x be p(-4). Calculate the highest common divisor of x and 16.
8
Suppose -5*n + 2*v = -152, -2*n + 5*v - v + 64 = 0. What is the highest common factor of 15 and n?
15
Let d(q) be the first derivative of 4*q**3/3 + q**2 + q + 3. Let i be d(-1). Suppose i*c = 5*c - 22. Calculate the highest common divisor of 11 and c.
11
Suppose 5*n - 95 = -5*t, 0*t - 5*n - 65 = -5*t. Calculate the highest common factor of t and 48.
16
Suppose 8*z - 4*z - 8 = 0. What is the highest common divisor of 1 and z?
1
Suppose -3*c = -2*c - 8. Calculate the highest common factor of c and 4.
4
Let s = 73 - 29. Suppose -4*r + 448 = -2*z, -4*r + 8*z - 9*z + 436 = 0. Calculate the greatest common divisor of s and r.
22
Suppose -2*b + 4 = -0. Let h be b/(-7) - 74/(-14). Suppose 0*p - 2*p = 3*w - 52, 4*w - h*p - 77 = 0. Calculate the highest common factor of w and 45.
9
Let x be -2 - (-159 + (-1 - 2)). What is the highest common divisor of 20 and x?
20
Let s be 8*15/(-2)*24/(-120). Calculate the greatest common factor of s and 3.
3
Let i be 2/6*3*-1. Let x be ((-15)/6)/i*6. Suppose -x + 5 = -2*y. What is the greatest common factor of y and 10?
5
Suppose -11 = -5*r + 14. Let c be r/(-10) - 2102/(-4). Suppose 0*v = 5*v - c. Calculate the highest common divisor of v and 15.
15
Suppose 5*f + k = 154, 0*k - 128 = -4*f - 2*k. Suppose -j + f = j. What is the highest common divisor of j and 165?
15
Let q be 19 + -23 - (-46 - 0). Calculate the highest common divisor of 2 and q.
2
Let w(t) = 57*t**2 + 3*t - 2. Let n be w(-2). Calculate the highest common factor of 20 and n.
20
Suppose 23 = 4*k + 4*o - 353, 3*k - 2*o - 267 = 0. Suppose -2*b = -5*b + 39. What is the highest common factor of k and b?
13
Let r = -27 + 45. What is the greatest common factor of 72 and r?
18
Suppose -2*m = 4*q + 10, -5*m + 0 = 2*q + 1. Calculate the highest common factor of m and 11.
1
Let a be 105/9 + (-6)/9. Suppose 10 = 2*l + 2*t, -3*l + t + a = 3*t. What is the highest common factor of 5 and l?
1
Let y(l) = -14*l**3 + l**2 - l - 1. Let j be ((-2)/(-1 + 3))/1. Let q be y(j). What is the greatest common factor of 120 and q?
15
Suppose 2*a = 5*a - 15. Suppose -a*o + 3*o = -80. Let n = o + 80. Calculate the highest common factor of 15 and n.
15
Let t = 7 + -1. Let h be (2/(-3))/(2/(-9)). Suppose -12 = -3*j - h. What is the greatest common divisor of j and t?
3
Let c be 32/(-12)*(-9)/(-4). Let i be c/18 - 106/(-3). Calculate the highest common factor of i and 5.
5
Suppose -5*p + 0*k = 3*k - 27, -2*k + 11 = p. Let i(t) = -2*t - 7. Let s be i(-5). What is the highest common factor of s and p?
3
Let x = 106 + -51. Let h be 1*23 - (0 + 1). What is the greatest common factor of h and x?
11
Suppose 3*p - 2*o = 6, 0*o = -4*p + 3*o + 8. Let n be -1 + (-4)/p + 32. What is the highest common divisor of 261 and n?
29
Let p = 10 + 20. Let v = p - 19. Calculate the highest common factor of 44 and v.
11
Suppose -3*r - 5*b + 12 = 0, -6*b + 2*b = -4*r + 48. Calculate the greatest common factor of r and 81.
9
Let z(t) = -t**3 + 7*t**2 - 5*t - 3. Let y be z(6). Suppose -y*d - 2*h + 139 = 0, -2*d - 2*d + 190 = 5*h. What is the greatest common divisor of d and 18?
9
Let f = 16 - -60. Suppose 3*g = -3, 0 = -2*p + 5*g + 9 + f. Calculate the greatest common factor of 5 and p.
5
Let k(m) = m**2 - 2*m + 12. Let c be k(-12). Calculate the highest common factor of 20 and c.
20
Let j(o) = 3*o - 5*o + o + o**2. Let h be j(2). Suppose 7*q = 4*l + 3*q - 64, 0 = l + 4*q - 26. Calculate the highest common divisor of l and h.
2
Suppose 0 = -3*w + 4*w - 40. Calculate the greatest common factor of 8 and w.
8
Let a(i) = -6*i - 5. Let r be a(-4). What is the highest common factor of 133 and r?
19
Suppose -13*g + 1232 = -6*g. Let u = -23 - -39. Calculate the greatest common factor of g and u.
16
Let f(x) = -x**2 + 20. Let a be f(0). Suppose 2*z = 8 - 0. Calculate the greatest common factor of z and a.
4
Suppose 0 = -2*s - s + 6. Suppose 2*g - 3 = g. Suppose -s*u - g*u = -55. What is the greatest common factor of 44 and u?
11
Suppose 0 = l - 5*o - 221, 4*o = -0*o. Calculate the greatest common divisor of 13 and l.
13
Let d be 1*(2 + -1) + 3. Let s be 10/d + (-5)/(-10). Suppose -s*k + 2 = -7. Calculate the greatest common factor of k and 21.
3
Let p(n) = n**3 - 5*n**2 - 13*n - 1. Let z be p(7). What is the highest common factor of 24 and z?
6
Suppose 0 = -5*d - 4*n + 15 + 4, -5*d = -n - 14. Let t(c) = 15*c - 7. Let v be t(d). Calculate the highest common factor of 57 and v.
19
Suppose -5*m + 15 = -2*q, 0 = 2*m - 0*q - q - 5. Let x = 6 - 4. Suppose 34 = m*r + 3*c - 17, x*r = -4*c + 12. Calculate the highest common factor of r and 4.
4
Let h = 0 + 2. Let n be (-109)/(-3) - h/6. Let i = 45 + -27. Calculate the greatest common divisor of n and i.
18
Suppose 2*z + 8 = 4*w + 5*z, 0 = 5*w - 4*z - 10. Suppose -2 = -w*h + h. Suppose 2 + 4 = h*c. What is the greatest common factor of c and 15?
3
Suppose 0*t = -c - 4*t - 4, -4*c = 3*t + 3. Suppose -5*x + 112 = v, c*x - 4*x = 5*v -